highest common factor of 2148 and 4.
4
Calculate the greatest common divisor of 1002 and 6.
6
What is the highest common factor of 23 and 1081?
23
Calculate the greatest common factor of 594 and 7095.
33
Calculate the highest common divisor of 5 and 2.
1
Calculate the highest common divisor of 364 and 52.
52
What is the greatest common factor of 952 and 21?
7
Calculate the greatest common divisor of 11649 and 99.
33
What is the greatest common divisor of 196 and 16268?
196
What is the highest common divisor of 42 and 12?
6
What is the greatest common divisor of 1957 and 103?
103
What is the highest common factor of 5287 and 17?
17
What is the greatest common factor of 415 and 35?
5
Calculate the highest common divisor of 1505 and 945.
35
Calculate the highest common divisor of 84 and 896.
28
Calculate the highest common factor of 4 and 520.
4
What is the highest common divisor of 56 and 16?
8
What is the greatest common divisor of 2 and 82?
2
Calculate the highest common divisor of 312 and 192.
24
What is the greatest common divisor of 10176 and 1344?
192
What is the greatest common divisor of 84 and 1344?
84
What is the greatest common divisor of 30940 and 52?
52
What is the highest common divisor of 532 and 76?
76
Calculate the greatest common divisor of 1125 and 765.
45
What is the highest common factor of 85 and 15?
5
Calculate the greatest common divisor of 336 and 5712.
336
What is the greatest common divisor of 13158 and 510?
102
What is the highest common factor of 45 and 18?
9
Calculate the highest common factor of 17420 and 1300.
260
Calculate the greatest common divisor of 4466 and 116.
58
Calculate the greatest common factor of 74 and 518.
74
Calculate the highest common divisor of 680 and 1870.
170
Calculate the greatest common factor of 6 and 6.
6
What is the greatest common divisor of 85 and 51?
17
Calculate the highest common divisor of 5 and 337.
1
Calculate the highest common divisor of 19 and 1178.
19
Calculate the highest common factor of 638 and 377.
29
Calculate the greatest common factor of 456 and 48.
24
What is the highest common factor of 324 and 4?
4
What is the highest common factor of 860 and 12?
4
What is the highest common factor of 48 and 136?
8
What is the highest common factor of 153846 and 231?
231
What is the greatest common divisor of 24 and 224?
8
What is the highest common divisor of 46 and 23?
23
Calculate the highest common factor of 56 and 189.
7
Calculate the greatest common factor of 1526 and 327.
109
Calculate the highest common divisor of 8 and 76.
4
Calculate the greatest common factor of 102 and 42.
6
What is the highest common factor of 78 and 28353?
39
What is the highest common divisor of 4205 and 145?
145
What is the greatest common factor of 744 and 48?
24
Calculate the highest common divisor of 65 and 13.
13
Calculate the greatest common divisor of 1647 and 61.
61
Calculate the highest common factor of 1111 and 202.
101
What is the highest common divisor of 16 and 752?
16
Calculate the greatest common divisor of 40 and 140.
20
What is the highest common divisor of 60 and 8380?
20
What is the highest common divisor of 86 and 36980?
86
What is the highest common factor of 2 and 507?
1
Calculate the highest common factor of 80 and 140.
20
Calculate the greatest common factor of 253 and 44.
11
Calculate the highest common divisor of 7 and 17920.
7
What is the highest common divisor of 32 and 3632?
16
What is the highest common factor of 528 and 64?
16
What is the highest common divisor of 960 and 1860?
60
Calculate the greatest common divisor of 2 and 26.
2
What is the greatest common divisor of 64 and 5?
1
What is the highest common factor of 52 and 104?
52
Calculate the greatest common divisor of 80 and 540.
20
Calculate the highest common divisor of 6811 and 278.
139
Calculate the highest common factor of 412 and 8.
4
Calculate the greatest common divisor of 132 and 24.
12
What is the highest common divisor of 3465 and 36?
9
Calculate the highest common divisor of 1744 and 109.
109
What is the highest common divisor of 516 and 108?
12
What is the highest common divisor of 39 and 1209?
39
Calculate the greatest common divisor of 7235 and 5.
5
Calculate the highest common divisor of 432 and 12.
12
Calculate the highest common divisor of 7 and 17.
1
Calculate the highest common divisor of 66 and 18.
6
What is the greatest common divisor of 55 and 352?
11
What is the highest common divisor of 11 and 11?
11
What is the greatest common divisor of 10 and 85?
5
What is the greatest common divisor of 343 and 1?
1
Calculate the highest common divisor of 1 and 1511.
1
Calculate the greatest common divisor of 20133 and 18.
9
What is the highest common divisor of 724 and 4?
4
What is the highest common divisor of 16 and 12928?
16
Calculate the highest common factor of 71 and 21797.
71
What is the highest common factor of 276 and 11316?
276
What is the highest common divisor of 42 and 210?
42
What is the greatest common divisor of 1760 and 1280?
160
What is the greatest common factor of 976 and 9150?
122
Calculate the greatest common factor of 259 and 7.
7
Calculate the highest common factor of 7097 and 151.
151
Calculate the highest common divisor of 768 and 480.
96
What is the greatest common divisor of 1169 and 2171?
167
Calculate the highest common divisor of 312 and 754.
26
Calculate the highest common factor of 114084 and 36.
36
What is the greatest common factor of 5 and 415?
5
What is the greatest common factor of 2867 and 61?
61
Calculate the highest common factor of 1 and 19.
1
What is the greatest common divisor of 555 and 444?
111
What is the highest common divisor of 230 and 40?
10
What is the highest common factor of 57 and 9462?
57
Calculate the highest common divisor of 240 and 72.
24
Calculate the greatest common factor of 56 and 364.
28
Calculate the greatest common divisor of 1432 and 16.
8
Calculate the greatest common factor of 57 and 3097.
19
What is the highest common divisor of 4756 and 116?
116
Calculate the greatest common factor of 5502 and 14.
14
What is the greatest common factor of 708 and 24?
12
What is the highest common divisor of 308 and 196?
28
Calculate the greatest common divisor of 1088 and 17.
17
What is the greatest common factor of 1479 and 272?
17
What is the greatest common factor of 315 and 5145?
105
What is the highest common factor of 364 and 56?
28
Calculate the highest common divisor of 44 and 11.
11
What is the greatest common divisor of 116 and 44?
4
What is the highest common factor of 1645 and 35?
35
What is the greatest common factor of 52 and 1040?
52
What is the greatest common factor of 60 and 4400?
20
Calculate the greatest common factor of 1378 and 318.
106
What is the highest common factor of 588 and 156?
12
Calculate the highest common factor of 16 and 144.
16
What is the greatest common divisor of 138 and 14973?
69
What is the highest common factor of 16 and 4224?
16
What is the greatest common factor of 80 and 304?
16
What is the highest common factor of 261 and 2523?
87
What is the greatest common divisor of 77 and 385?
77
Calculate the highest common divisor of 18555 and 15.
15
Calculate the highest common divisor of 16 and 28.
4
Calculate the greatest common factor of 12 and 309.
3
Calculate the highest common factor of 357 and 153.
51
Calculate the highest common divisor of 33 and 748.
11
Calculate the greatest common factor of 84 and 804.
12
What is the greatest common divisor of 54 and 189?
27
Calculate the greatest common divisor of 175 and 315.
35
Calculate the greatest common factor of 45 and 15.
15
What is the greatest common factor of 44 and 15664?
44
What is the highest common divisor of 264 and 96?
24
Calculate the highest common factor of 902 and 82.
82
What is the highest common factor of 1766 and 20?
2
What is the greatest common factor of 16 and 12?
4
Calculate the greatest common factor of 114 and 48.
6
What is the greatest common divisor of 899 and 58?
29
What is the greatest common divisor of 27 and 2187?
27
What is the greatest common divisor of 5873 and 7?
7
Calculate the greatest common divisor of 36 and 639.
9
What is the highest common divisor of 75 and 1203?
3
Calculate the greatest common divisor of 92 and 230.
4